{"id":15995,"date":"2024-01-25T01:40:40","date_gmt":"2024-01-25T00:40:40","guid":{"rendered":"https:\/\/magicznemomenty.pl\/sklep\/?post_type=product&#038;p=15995"},"modified":"2024-02-26T12:08:46","modified_gmt":"2024-02-26T11:08:46","slug":"zestaw-dodatkow-weselnych","status":"publish","type":"product","link":"https:\/\/magicznemomenty.pl\/sklep\/produkt\/zestaw-dodatkow-weselnych\/","title":{"rendered":"Zestaw dodatk\u00f3w weselnych"},"content":{"rendered":"","protected":false},"excerpt":{"rendered":"<p>Prezentujemy Pa\u0144stwu zestaw dodatk\u00f3w weselnych kt\u00f3re z pewno\u015bci\u0105 przydadz\u0105 si\u0119 Pa\u0144stwu na swojej uroczysto\u015bci !<\/p>\n<p>Zestaw sk\u0142ada si\u0119 z :<\/p>\n<ul>\n<li>Wieszak Pan M\u0142ody | Panna M\u0142oda<\/li>\n<li>2 koszyczki ratunkowe<\/li>\n<li>16 tabliczek z hymnem o mi\u0142o\u015bci<\/li>\n<li>Pude\u0142ko drewniane zamykane na klucz<\/li>\n<li>Tablica powitalna ok.40&#215;60<\/li>\n<li>Pude\u0142ko na obr\u0105czki<\/li>\n<\/ul>\n","protected":false},"featured_media":15996,"comment_status":"open","ping_status":"closed","template":"","meta":{"_monsterinsights_skip_tracking":false,"_monsterinsights_sitenote_active":false,"_monsterinsights_sitenote_note":"","_monsterinsights_sitenote_category":0},"product_brand":[],"product_cat":[81],"product_tag":[],"class_list":{"0":"post-15995","1":"product","2":"type-product","3":"status-publish","4":"has-post-thumbnail","6":"product_cat-zestawy-slubne","8":"first","9":"instock","10":"shipping-taxable","11":"purchasable","12":"product-type-redq_rental"},"aioseo_notices":[],"_links":{"self":[{"href":"https:\/\/magicznemomenty.pl\/sklep\/wp-json\/wp\/v2\/product\/15995","targetHints":{"allow":["GET"]}}],"collection":[{"href":"https:\/\/magicznemomenty.pl\/sklep\/wp-json\/wp\/v2\/product"}],"about":[{"href":"https:\/\/magicznemomenty.pl\/sklep\/wp-json\/wp\/v2\/types\/product"}],"replies":[{"embeddable":true,"href":"https:\/\/magicznemomenty.pl\/sklep\/wp-json\/wp\/v2\/comments?post=15995"}],"version-history":[{"count":3,"href":"https:\/\/magicznemomenty.pl\/sklep\/wp-json\/wp\/v2\/product\/15995\/revisions"}],"predecessor-version":[{"id":16303,"href":"https:\/\/magicznemomenty.pl\/sklep\/wp-json\/wp\/v2\/product\/15995\/revisions\/16303"}],"wp:featuredmedia":[{"embeddable":true,"href":"https:\/\/magicznemomenty.pl\/sklep\/wp-json\/wp\/v2\/media\/15996"}],"wp:attachment":[{"href":"https:\/\/magicznemomenty.pl\/sklep\/wp-json\/wp\/v2\/media?parent=15995"}],"wp:term":[{"taxonomy":"product_brand","embeddable":true,"href":"https:\/\/magicznemomenty.pl\/sklep\/wp-json\/wp\/v2\/product_brand?post=15995"},{"taxonomy":"product_cat","embeddable":true,"href":"https:\/\/magicznemomenty.pl\/sklep\/wp-json\/wp\/v2\/product_cat?post=15995"},{"taxonomy":"product_tag","embeddable":true,"href":"https:\/\/magicznemomenty.pl\/sklep\/wp-json\/wp\/v2\/product_tag?post=15995"}],"curies":[{"name":"wp","href":"https:\/\/api.w.org\/{rel}","templated":true}]}}