{"id":16131,"date":"2024-02-05T22:10:11","date_gmt":"2024-02-05T21:10:11","guid":{"rendered":"https:\/\/magicznemomenty.pl\/sklep\/?post_type=product&#038;p=16131"},"modified":"2024-02-26T11:13:41","modified_gmt":"2024-02-26T10:13:41","slug":"dywan-zielony-dl-23m-szer-1m","status":"publish","type":"product","link":"https:\/\/magicznemomenty.pl\/sklep\/produkt\/dywan-zielony-dl-23m-szer-1m\/","title":{"rendered":"Dywan zielony D\u0142 &#8211; 23m | Szer. 1m"},"content":{"rendered":"","protected":false},"excerpt":{"rendered":"<p>Dywan przesy\u0142any jest czysty, gotowy do u\u017cycia, zwini\u0119ty w rulon na czas wysy\u0142ki.<\/p>\n<p>Po otrzymaniu dywanu nale\u017cy go rozpakowa\u0107 i rozluzowa\u0107, aby zniwelowa\u0107 powsta\u0142e zagniecenia.<\/p>\n<p><strong>Gramatura 1100 \u2013 1200 g\/m2<\/strong><\/p>\n<p><strong>Grubo\u015b\u0107 5 &#8211; 6 mm<\/strong><\/p>\n<p>Monta\u017c:<\/p>\n<p>Rozwin\u0105\u0107 oraz doklei\u0107 dywan do pod\u0142ogi ta\u015bm\u0105 dwustronn\u0105, tak aby jak najdok\u0142adniej przylega\u0142.<\/p>\n<p>W plenerze boki dywanu przytwierdzi\u0107 d\u0142ugimi szpilkami do ziemi lub przysypa\u0107 brzegi piaskiem.<\/p>\n<p>Dywan po u\u017cyciu wystarczy odkurzy\u0107, nie wymaga on specjalistycznego czyszczenia i do takiej opcji zach\u0119camy.<\/p>\n<p>Istnieje jednak mo\u017cliwo\u015b\u0107 zwrotu dywanu niewyczyszczonego, wtedy do ceny dywanu nale\u017cy doliczy\u0107 koszt czyszczenia 50 z\u0142\/szt.<\/p>\n","protected":false},"featured_media":16134,"comment_status":"open","ping_status":"closed","template":"","meta":{"_monsterinsights_skip_tracking":false,"_monsterinsights_sitenote_active":false,"_monsterinsights_sitenote_note":"","_monsterinsights_sitenote_category":0},"product_brand":[],"product_cat":[82,79],"product_tag":[80,77],"class_list":{"0":"post-16131","1":"product","2":"type-product","3":"status-publish","4":"has-post-thumbnail","6":"product_cat-dekoracje","7":"product_cat-dywany","8":"product_tag-dywan","9":"product_tag-wynajem","11":"first","12":"instock","13":"shipping-taxable","14":"purchasable","15":"product-type-redq_rental"},"aioseo_notices":[],"_links":{"self":[{"href":"https:\/\/magicznemomenty.pl\/sklep\/wp-json\/wp\/v2\/product\/16131","targetHints":{"allow":["GET"]}}],"collection":[{"href":"https:\/\/magicznemomenty.pl\/sklep\/wp-json\/wp\/v2\/product"}],"about":[{"href":"https:\/\/magicznemomenty.pl\/sklep\/wp-json\/wp\/v2\/types\/product"}],"replies":[{"embeddable":true,"href":"https:\/\/magicznemomenty.pl\/sklep\/wp-json\/wp\/v2\/comments?post=16131"}],"version-history":[{"count":1,"href":"https:\/\/magicznemomenty.pl\/sklep\/wp-json\/wp\/v2\/product\/16131\/revisions"}],"predecessor-version":[{"id":16137,"href":"https:\/\/magicznemomenty.pl\/sklep\/wp-json\/wp\/v2\/product\/16131\/revisions\/16137"}],"wp:featuredmedia":[{"embeddable":true,"href":"https:\/\/magicznemomenty.pl\/sklep\/wp-json\/wp\/v2\/media\/16134"}],"wp:attachment":[{"href":"https:\/\/magicznemomenty.pl\/sklep\/wp-json\/wp\/v2\/media?parent=16131"}],"wp:term":[{"taxonomy":"product_brand","embeddable":true,"href":"https:\/\/magicznemomenty.pl\/sklep\/wp-json\/wp\/v2\/product_brand?post=16131"},{"taxonomy":"product_cat","embeddable":true,"href":"https:\/\/magicznemomenty.pl\/sklep\/wp-json\/wp\/v2\/product_cat?post=16131"},{"taxonomy":"product_tag","embeddable":true,"href":"https:\/\/magicznemomenty.pl\/sklep\/wp-json\/wp\/v2\/product_tag?post=16131"}],"curies":[{"name":"wp","href":"https:\/\/api.w.org\/{rel}","templated":true}]}}