{"id":17360,"date":"2024-09-08T19:39:57","date_gmt":"2024-09-08T18:39:57","guid":{"rendered":"https:\/\/magicznemomenty.pl\/sklep\/?post_type=product&#038;p=17360"},"modified":"2024-09-08T20:06:20","modified_gmt":"2024-09-08T19:06:20","slug":"miny-dymne-kolorowy-pokaz-dzienny","status":"publish","type":"product","link":"https:\/\/magicznemomenty.pl\/sklep\/produkt\/miny-dymne-kolorowy-pokaz-dzienny\/","title":{"rendered":"Miny dymne &#8211; kolorowy pokaz dzienny"},"content":{"rendered":"<p>Kolorowe wystrza\u0142y dymu o wysoko\u015bci 15 metr\u00f3w \u2013 spektakularny efekt na dzie\u0144!<\/p>\n<p>Nasze kolorowe dymy to idealne rozwi\u0105zanie na imprezy w ci\u0105gu dnia, stanowi\u0105c doskona\u0142\u0105 alternatyw\u0119 dla tradycyjnych fajerwerk\u00f3w.<\/p>\n<p>Dzi\u0119ki naszym produktom mo\u017cecie Pa\u0144stwo podziwia\u0107 imponuj\u0105ce, 15-metrowe s\u0142upy kolorowego dymu, kt\u00f3re w efektowny spos\u00f3b podkre\u015bl\u0105 najwa\u017cniejsze chwile wydarzenia.<\/p>\n<p>Kolorowe dymy to niezast\u0105piony element ka\u017cdej imprezy, kt\u00f3ra ma zaskoczy\u0107 i zachwyci\u0107 publiczno\u015b\u0107 nawet w \u015bwietle dnia!<\/p>\n","protected":false},"excerpt":{"rendered":"<p>Kurierem wysy\u0142amy do Pa\u0144stwa zapalniki wraz z wk\u0142adami i dok\u0142adn\u0105 instrukcj\u0119 jak nale\u017cy przygotowa\u0107 wystrza\u0142. Wszystko jest bardzo \u0142atwe &#8211; wyrzutnie uruchamiamy przyciskiem z pilota. Zapalniki nale\u017cy do nas odes\u0142a\u0107 (wysy\u0142ka w obie strony w cenie, my dajemy Pa\u0144stwu etykiet\u0119 zwrotn\u0105).<\/p>\n<p>Cena zawiera:<br \/>\n&#8211; zapalnik<br \/>\n&#8211; pilot<br \/>\n&#8211; nab\u00f3j<\/p>\n","protected":false},"featured_media":17361,"comment_status":"open","ping_status":"closed","template":"","meta":{"_monsterinsights_skip_tracking":false,"_monsterinsights_sitenote_active":false,"_monsterinsights_sitenote_note":"","_monsterinsights_sitenote_category":0},"product_brand":[],"product_cat":[96,84],"product_tag":[98,97],"class_list":{"0":"post-17360","1":"product","2":"type-product","3":"status-publish","4":"has-post-thumbnail","6":"product_cat-pirotechnika","7":"product_cat-wypozyczalnia","8":"product_tag-fontanny","9":"product_tag-iskry","11":"first","12":"instock","13":"shipping-taxable","14":"purchasable","15":"product-type-redq_rental"},"aioseo_notices":[],"_links":{"self":[{"href":"https:\/\/magicznemomenty.pl\/sklep\/wp-json\/wp\/v2\/product\/17360","targetHints":{"allow":["GET"]}}],"collection":[{"href":"https:\/\/magicznemomenty.pl\/sklep\/wp-json\/wp\/v2\/product"}],"about":[{"href":"https:\/\/magicznemomenty.pl\/sklep\/wp-json\/wp\/v2\/types\/product"}],"replies":[{"embeddable":true,"href":"https:\/\/magicznemomenty.pl\/sklep\/wp-json\/wp\/v2\/comments?post=17360"}],"version-history":[{"count":1,"href":"https:\/\/magicznemomenty.pl\/sklep\/wp-json\/wp\/v2\/product\/17360\/revisions"}],"predecessor-version":[{"id":17363,"href":"https:\/\/magicznemomenty.pl\/sklep\/wp-json\/wp\/v2\/product\/17360\/revisions\/17363"}],"wp:featuredmedia":[{"embeddable":true,"href":"https:\/\/magicznemomenty.pl\/sklep\/wp-json\/wp\/v2\/media\/17361"}],"wp:attachment":[{"href":"https:\/\/magicznemomenty.pl\/sklep\/wp-json\/wp\/v2\/media?parent=17360"}],"wp:term":[{"taxonomy":"product_brand","embeddable":true,"href":"https:\/\/magicznemomenty.pl\/sklep\/wp-json\/wp\/v2\/product_brand?post=17360"},{"taxonomy":"product_cat","embeddable":true,"href":"https:\/\/magicznemomenty.pl\/sklep\/wp-json\/wp\/v2\/product_cat?post=17360"},{"taxonomy":"product_tag","embeddable":true,"href":"https:\/\/magicznemomenty.pl\/sklep\/wp-json\/wp\/v2\/product_tag?post=17360"}],"curies":[{"name":"wp","href":"https:\/\/api.w.org\/{rel}","templated":true}]}}